{"id":31,"date":"2015-10-21T12:34:01","date_gmt":"2015-10-21T12:34:01","guid":{"rendered":"http:\/\/test.kriesi.at\/construction\/?page_id=31"},"modified":"2020-10-13T22:48:43","modified_gmt":"2020-10-13T22:48:43","slug":"nuestra-empresa","status":"publish","type":"page","link":"https:\/\/siecsase.com\/index.php\/nuestra-empresa\/","title":{"rendered":"Nuestra Empresa"},"content":{"rendered":"<div id='full_slider_1'  class='avia-fullwidth-slider main_color avia-shadow   avia-builder-el-0  el_before_av_section  avia-builder-el-first   container_wrap sidebar_right'  ><div  class='avia-slideshow av-2el8b-1f2b55bac8b8b0d748445d787c9d36de avia-slideshow-featured av_slideshow_full avia-slide-slider av-slideshow-ui av-control-default av-slideshow-manual av-loop-once av-loop-manual-endless av-default-height-applied   avia-slideshow-1' data-slideshow-options=\"{&quot;animation&quot;:&quot;slide&quot;,&quot;autoplay&quot;:false,&quot;loop_autoplay&quot;:&quot;once&quot;,&quot;interval&quot;:5,&quot;loop_manual&quot;:&quot;manual-endless&quot;,&quot;autoplay_stopper&quot;:false,&quot;noNavigation&quot;:false,&quot;bg_slider&quot;:false,&quot;keep_padding&quot;:false,&quot;hoverpause&quot;:false,&quot;show_slide_delay&quot;:0}\"  itemprop=\"image\" itemscope=\"itemscope\" itemtype=\"https:\/\/schema.org\/ImageObject\" ><ul class='avia-slideshow-inner ' style='padding-bottom: 30.06993006993%;'><li  class='avia-slideshow-slide av-2el8b-1f2b55bac8b8b0d748445d787c9d36de__0  av-single-slide slide-1 slide-odd'><div data-rel='slideshow-1' class='avia-slide-wrap '   ><div class='av-slideshow-caption av-2el8b-1f2b55bac8b8b0d748445d787c9d36de__0 caption_fullwidth caption_bottom'><div class=\"container caption_container\"><div class=\"slideshow_caption\"><div class=\"slideshow_inner_caption\"><div class=\"slideshow_align_caption\"><h2 class='avia-caption-title '  itemprop=\"name\" >Nuestra Empresa<\/h2><div class='avia-caption-content '  itemprop=\"description\" ><p>Servicios de Ingenier\u00eda Sustentable y Construcci\u00f3n del Norte<\/p>\n<\/div><\/div><\/div><\/div><\/div><\/div><img decoding=\"async\" fetchpriority=\"high\" class=\"wp-image-4426 avia-img-lazy-loading-not-4426\"  src=\"https:\/\/siecsase.com\/wp-content\/uploads\/2020\/09\/Nuestra-Empresa-1430x430.jpg\" width=\"1430\" height=\"430\" title='Nuestra Empresa' alt=''  itemprop=\"thumbnailUrl\"   \/><div class='av-section-color-overlay' style='opacity: 0.5; background-color: #000000; '><\/div><\/div><\/li><\/ul><\/div><\/div>\n<div id='av_section_1'  class='avia-section av-mebc7-8bb58c23da859b6625e7bf92497c920e main_color avia-section-large avia-no-border-styling  avia-builder-el-1  el_after_av_slideshow_full  avia-builder-el-last  avia-bg-style-scroll container_wrap sidebar_right'  ><div class='container av-section-cont-open' ><div class='template-page content  av-content-small alpha units'><div class='post-entry post-entry-type-page post-entry-31'><div class='entry-content-wrapper clearfix'>\n\n<style type=\"text\/css\" data-created_by=\"avia_inline_auto\" id=\"style-css-av-2uzfj-5cd8e5333298cee79c5ffe136ed0aaee\">\n.flex_column.av-2uzfj-5cd8e5333298cee79c5ffe136ed0aaee{\nborder-radius:0px 0px 0px 0px;\npadding:0px 0px 0px 0px;\n}\n<\/style>\n<div  class='flex_column av-2uzfj-5cd8e5333298cee79c5ffe136ed0aaee av_one_half  avia-builder-el-2  el_before_av_one_half  avia-builder-el-first  first flex_column_div av-animated-generic pop-up av-zero-column-padding  '     ><style type=\"text\/css\" data-created_by=\"avia_inline_auto\" id=\"style-css-av-kfdabks8-50ee478afb612410ef71bf6ab21af755\">\n.iconbox.av-kfdabks8-50ee478afb612410ef71bf6ab21af755 .iconbox_icon{\nbackground-color:#d17d3d;\ncolor:#ffffff;\n}\n#top #wrap_all .iconbox.av-kfdabks8-50ee478afb612410ef71bf6ab21af755 .iconbox_content_title{\nfont-size:22px;\ncolor:#b55612;\n}\n<\/style>\n<article  class='iconbox iconbox_left_content av-kfdabks8-50ee478afb612410ef71bf6ab21af755  avia-builder-el-3  avia-builder-el-no-sibling '  itemscope=\"itemscope\" itemtype=\"https:\/\/schema.org\/CreativeWork\" ><div class=\"iconbox_icon heading-color\" aria-hidden='true' data-av_icon='\ue822' data-av_iconfont='fontello'><\/div><div class=\"iconbox_content\"><header class=\"entry-content-header\" aria-label=\"Icon: LA EMPRESA\"><h3 class='iconbox_content_title '  itemprop=\"headline\" >LA EMPRESA<\/h3><\/header><div class='iconbox_content_container '  itemprop=\"text\" ><p style=\"text-align: justify;\">Somos una empresa dedicada a prestar servicios en el \u00e1rea de la <b>Ingenier\u00eda El\u00e9ctrica, Ingenier\u00eda Mec\u00e1nica e Ingenier\u00eda Civil<\/b>, mismos que cubren desde el dise\u00f1o de proyectos hasta la correcta ejecuci\u00f3n e instalaci\u00f3n de los sistemas en general.<\/p>\n<p style=\"text-align: justify;\">Nuestro objetivo es proveer los m\u00e1s altos est\u00e1ndares de Dise\u00f1o y Construcci\u00f3n.<\/p>\n<p style=\"text-align: justify;\">Hemos participado en importantes desarrollos en el norte, centro y sur del pa\u00eds.<\/p>\n<p style=\"text-align: justify;\">Nuestra principal participaci\u00f3n es en obras de edificios Industriales, Institucionales y Comerciales; siempre comprometidos con entregar a nuestros clientes obras con la m\u00e1s alta calidad y de acuerdo a las normas nacionales e internacionales vigentes.<\/p>\n<\/div><\/div><footer class=\"entry-footer\"><\/footer><\/article><\/div>\n<style type=\"text\/css\" data-created_by=\"avia_inline_auto\" id=\"style-css-av-29xsj-f923e1809ce1b0f15852ca807275f226\">\n.flex_column.av-29xsj-f923e1809ce1b0f15852ca807275f226{\nborder-radius:0px 0px 0px 0px;\npadding:0px 0px 0px 0px;\n}\n<\/style>\n<div  class='flex_column av-29xsj-f923e1809ce1b0f15852ca807275f226 av_one_half  avia-builder-el-4  el_after_av_one_half  el_before_av_one_half  flex_column_div av-animated-generic pop-up av-zero-column-padding  '     ><style type=\"text\/css\" data-created_by=\"avia_inline_auto\" id=\"style-css-av-kfdabks8-3a35edf5c65b4fff446740cd31aabe52\">\n.iconbox.av-kfdabks8-3a35edf5c65b4fff446740cd31aabe52 .iconbox_icon{\nbackground-color:#d17d3d;\ncolor:#ffffff;\n}\n#top #wrap_all .iconbox.av-kfdabks8-3a35edf5c65b4fff446740cd31aabe52 .iconbox_content_title{\nfont-size:22px;\ncolor:#b55612;\n}\n<\/style>\n<article  class='iconbox iconbox_left_content av-kfdabks8-3a35edf5c65b4fff446740cd31aabe52  avia-builder-el-5  avia-builder-el-no-sibling '  itemscope=\"itemscope\" itemtype=\"https:\/\/schema.org\/CreativeWork\" ><div class=\"iconbox_icon heading-color\" aria-hidden='true' data-av_icon='\ue856' data-av_iconfont='entypo-fontello'><\/div><div class=\"iconbox_content\"><header class=\"entry-content-header\" aria-label=\"Icon: NUESTRA EXPERIENCIA\"><h3 class='iconbox_content_title '  itemprop=\"headline\" >NUESTRA EXPERIENCIA<\/h3><\/header><div class='iconbox_content_container '  itemprop=\"text\" ><p style=\"text-align: justify;\">Contamos con personal capacitado en las t\u00e9cnicas y sistemas de construcci\u00f3n m\u00e1s actuales.<\/p>\n<p style=\"text-align: justify;\">A trav\u00e9s de los a\u00f1os hemos formado un equipo multidisciplinario de Ingenieros y Arquitectos que en coordinaci\u00f3n con nuestros socios y asesores contamos con m\u00e1s de <strong>28 a\u00f1os de experiencia<\/strong> en el ramo de la construcci\u00f3n.<\/p>\n<\/div><\/div><footer class=\"entry-footer\"><\/footer><\/article><\/div>\n<style type=\"text\/css\" data-created_by=\"avia_inline_auto\" id=\"style-css-av-1ia6v-cbb6f1c4b086a66ed5465ac4f4dbe4b4\">\n.flex_column.av-1ia6v-cbb6f1c4b086a66ed5465ac4f4dbe4b4{\nborder-radius:0px 0px 0px 0px;\npadding:0px 0px 0px 0px;\n}\n<\/style>\n<div  class='flex_column av-1ia6v-cbb6f1c4b086a66ed5465ac4f4dbe4b4 av_one_half  avia-builder-el-6  el_after_av_one_half  el_before_av_one_half  first flex_column_div av-animated-generic pop-up av-zero-column-padding  column-top-margin'     ><style type=\"text\/css\" data-created_by=\"avia_inline_auto\" id=\"style-css-av-kfdabks8-4046b1a5c8fc6e6b6ce7eb17aaa84154\">\n.iconbox.av-kfdabks8-4046b1a5c8fc6e6b6ce7eb17aaa84154 .iconbox_icon{\nbackground-color:#d17d3d;\ncolor:#ffffff;\n}\n#top #wrap_all .iconbox.av-kfdabks8-4046b1a5c8fc6e6b6ce7eb17aaa84154 .iconbox_content_title{\nfont-size:22px;\ncolor:#b55612;\n}\n<\/style>\n<article  class='iconbox iconbox_left_content av-kfdabks8-4046b1a5c8fc6e6b6ce7eb17aaa84154  avia-builder-el-7  avia-builder-el-no-sibling '  itemscope=\"itemscope\" itemtype=\"https:\/\/schema.org\/CreativeWork\" ><div class=\"iconbox_icon heading-color\" aria-hidden='true' data-av_icon='\ue8b9' data-av_iconfont='entypo-fontello'><\/div><div class=\"iconbox_content\"><header class=\"entry-content-header\" aria-label=\"Icon: NUESTROS SERVICIOS\"><h3 class='iconbox_content_title '  itemprop=\"headline\" >NUESTROS SERVICIOS<\/h3><\/header><div class='iconbox_content_container '  itemprop=\"text\" ><p style=\"text-align: justify;\">Como una empresa prestadora de servicios nos especializamos en las siguientes \u00e1reas de la Ingenier\u00eda:<\/p>\n<p><img loading=\"lazy\" decoding=\"async\" class=\"alignnone size-full wp-image-4408\" src=\"http:\/\/siecsase.com\/wp-content\/uploads\/2020\/09\/Correcto2.png\" alt=\"\" width=\"20\" height=\"23\" \/> Ingenier\u00eda el\u00e9ctrica<br \/>\n<img loading=\"lazy\" decoding=\"async\" class=\"alignnone size-full wp-image-4408\" src=\"http:\/\/siecsase.com\/wp-content\/uploads\/2020\/09\/Correcto2.png\" alt=\"\" width=\"20\" height=\"23\" \/> Sistemas de generaci\u00f3n fotovoltaica<br \/>\n<img loading=\"lazy\" decoding=\"async\" class=\"alignnone size-full wp-image-4408\" src=\"http:\/\/siecsase.com\/wp-content\/uploads\/2020\/09\/Correcto2.png\" alt=\"\" width=\"20\" height=\"23\" \/> Ingenier\u00eda mec\u00e1nica<br \/>\n<img loading=\"lazy\" decoding=\"async\" class=\"alignnone size-full wp-image-4408\" src=\"http:\/\/siecsase.com\/wp-content\/uploads\/2020\/09\/Correcto2.png\" alt=\"\" width=\"20\" height=\"23\" \/> Ingenier\u00eda civil<br \/>\n<img loading=\"lazy\" decoding=\"async\" class=\"alignnone size-full wp-image-4408\" src=\"http:\/\/siecsase.com\/wp-content\/uploads\/2020\/09\/Correcto2.png\" alt=\"\" width=\"20\" height=\"23\" \/> Administraci\u00f3n de obra (Project Manager) y consultor\u00eda<\/p>\n<\/div><\/div><footer class=\"entry-footer\"><\/footer><\/article><\/div>\n<style type=\"text\/css\" data-created_by=\"avia_inline_auto\" id=\"style-css-av-14jtn-07297feb57792705b4eb735ad673a4ce\">\n.flex_column.av-14jtn-07297feb57792705b4eb735ad673a4ce{\nborder-radius:0px 0px 0px 0px;\npadding:0px 0px 0px 0px;\n}\n<\/style>\n<div  class='flex_column av-14jtn-07297feb57792705b4eb735ad673a4ce av_one_half  avia-builder-el-8  el_after_av_one_half  el_before_av_one_full  flex_column_div av-animated-generic pop-up av-zero-column-padding  column-top-margin'     ><style type=\"text\/css\" data-created_by=\"avia_inline_auto\" id=\"style-css-av-kfdabks8-3467d6ecf7843dad034612e5ba91051e\">\n.iconbox.av-kfdabks8-3467d6ecf7843dad034612e5ba91051e .iconbox_icon{\nbackground-color:#d17d3d;\ncolor:#ffffff;\n}\n#top #wrap_all .iconbox.av-kfdabks8-3467d6ecf7843dad034612e5ba91051e .iconbox_content_title{\nfont-size:22px;\ncolor:#b55612;\n}\n<\/style>\n<article  class='iconbox iconbox_left_content av-kfdabks8-3467d6ecf7843dad034612e5ba91051e  avia-builder-el-9  avia-builder-el-no-sibling '  itemscope=\"itemscope\" itemtype=\"https:\/\/schema.org\/CreativeWork\" ><div class=\"iconbox_icon heading-color\" aria-hidden='true' data-av_icon='\ue84d' data-av_iconfont='entypo-fontello'><\/div><div class=\"iconbox_content\"><header class=\"entry-content-header\" aria-label=\"Icon: \u00c1reas de Actuaci\u00f3n\"><h3 class='iconbox_content_title '  itemprop=\"headline\" >\u00c1reas de Actuaci\u00f3n<\/h3><\/header><div class='iconbox_content_container '  itemprop=\"text\" ><p style=\"text-align: justify;\">Hemos formado parte del equipo de construcci\u00f3n en distintas \u00e1reas de la Ingenier\u00eda en proyectos de:<\/p>\n<p style=\"text-align: justify;\"><img loading=\"lazy\" decoding=\"async\" class=\"alignnone size-full wp-image-4408\" src=\"http:\/\/siecsase.com\/wp-content\/uploads\/2020\/09\/Correcto2.png\" alt=\"\" width=\"20\" height=\"23\" \/> Edificios de <strong>industria ligera y de manufactura especializada<\/strong>.<br \/>\n<img loading=\"lazy\" decoding=\"async\" class=\"alignnone size-full wp-image-4408\" src=\"http:\/\/siecsase.com\/wp-content\/uploads\/2020\/09\/Correcto2.png\" alt=\"\" width=\"20\" height=\"23\" \/> <strong>\u2018Tenant improvements\u2019<\/strong> y modernizaci\u00f3n de edificios industriales.<br \/>\n<img loading=\"lazy\" decoding=\"async\" class=\"alignnone size-full wp-image-4408\" src=\"http:\/\/siecsase.com\/wp-content\/uploads\/2020\/09\/Correcto2.png\" alt=\"\" width=\"20\" height=\"23\" \/> Centros de distribuci\u00f3n (<strong>log\u00edstica<\/strong>).<br \/>\n<img loading=\"lazy\" decoding=\"async\" class=\"alignnone size-full wp-image-4408\" src=\"http:\/\/siecsase.com\/wp-content\/uploads\/2020\/09\/Correcto2.png\" alt=\"\" width=\"20\" height=\"23\" \/> Edificios <strong>institucionales nacionales y extranjeros.<\/strong><br \/>\n<img loading=\"lazy\" decoding=\"async\" class=\"alignnone size-full wp-image-4408\" src=\"http:\/\/siecsase.com\/wp-content\/uploads\/2020\/09\/Correcto2.png\" alt=\"\" width=\"20\" height=\"23\" \/> Proyecto de tipo <strong>comercial.<\/strong><br \/>\n<img loading=\"lazy\" decoding=\"async\" class=\"alignnone size-full wp-image-4408\" src=\"http:\/\/siecsase.com\/wp-content\/uploads\/2020\/09\/Correcto2.png\" alt=\"\" width=\"20\" height=\"23\" \/> Edificios <strong>verticales para uso habitacional y oficinas<\/strong>.<\/p>\n<\/div><\/div><footer class=\"entry-footer\"><\/footer><\/article><\/div>\n<style type=\"text\/css\" data-created_by=\"avia_inline_auto\" id=\"style-css-av-16amr-556256ef903af92b91a4e2c564db212f\">\n.flex_column.av-16amr-556256ef903af92b91a4e2c564db212f{\nborder-radius:0px 0px 0px 0px;\npadding:0px 0px 0px 0px;\n}\n<\/style>\n<div  class='flex_column av-16amr-556256ef903af92b91a4e2c564db212f av_one_full  avia-builder-el-10  el_after_av_one_half  avia-builder-el-last  first flex_column_div av-animated-generic pop-up av-zero-column-padding  column-top-margin'     ><style type=\"text\/css\" data-created_by=\"avia_inline_auto\" id=\"style-css-av-kfdabks8-3a08e1664f5aad13c01c38625ba7453a\">\n.iconbox.av-kfdabks8-3a08e1664f5aad13c01c38625ba7453a .iconbox_icon{\nbackground-color:#d17d3d;\ncolor:#ffffff;\n}\n#top #wrap_all .iconbox.av-kfdabks8-3a08e1664f5aad13c01c38625ba7453a .iconbox_content_title{\nfont-size:22px;\ncolor:#b55612;\n}\n<\/style>\n<article  class='iconbox iconbox_left_content av-kfdabks8-3a08e1664f5aad13c01c38625ba7453a  avia-builder-el-11  avia-builder-el-no-sibling '  itemscope=\"itemscope\" itemtype=\"https:\/\/schema.org\/CreativeWork\" ><div class=\"iconbox_icon heading-color\" aria-hidden='true' data-av_icon='\ue804' data-av_iconfont='fontello'><\/div><div class=\"iconbox_content\"><header class=\"entry-content-header\" aria-label=\"Icon: GARANTIAS\"><h3 class='iconbox_content_title '  itemprop=\"headline\" >GARANTIAS<\/h3><\/header><div class='iconbox_content_container '  itemprop=\"text\" ><p style=\"text-align: justify;\">Ofrecemos una <strong>garant\u00eda de 12 meses<\/strong> en todas nuestras construcciones.<\/p>\n<p style=\"text-align: justify;\">Y podemos ofrecer una garant\u00eda extendida seg\u00fan los requerimientos del cliente en coordinaci\u00f3n con nuestros proveedores y fabricantes.<\/p>\n<\/div><\/div><footer class=\"entry-footer\"><\/footer><\/article><\/div><\/div><\/div><\/div><!-- close content main div --><\/div><\/div><div id='after_section_1'  class='main_color av_default_container_wrap container_wrap sidebar_right'  ><div class='container av-section-cont-open' ><div class='template-page content  av-content-small alpha units'><div class='post-entry post-entry-type-page post-entry-31'><div class='entry-content-wrapper clearfix'>\n","protected":false},"excerpt":{"rendered":"","protected":false},"author":1,"featured_media":0,"parent":0,"menu_order":0,"comment_status":"closed","ping_status":"closed","template":"","meta":{"footnotes":""},"class_list":["post-31","page","type-page","status-publish","hentry"],"_links":{"self":[{"href":"https:\/\/siecsase.com\/index.php\/wp-json\/wp\/v2\/pages\/31"}],"collection":[{"href":"https:\/\/siecsase.com\/index.php\/wp-json\/wp\/v2\/pages"}],"about":[{"href":"https:\/\/siecsase.com\/index.php\/wp-json\/wp\/v2\/types\/page"}],"author":[{"embeddable":true,"href":"https:\/\/siecsase.com\/index.php\/wp-json\/wp\/v2\/users\/1"}],"replies":[{"embeddable":true,"href":"https:\/\/siecsase.com\/index.php\/wp-json\/wp\/v2\/comments?post=31"}],"version-history":[{"count":48,"href":"https:\/\/siecsase.com\/index.php\/wp-json\/wp\/v2\/pages\/31\/revisions"}],"predecessor-version":[{"id":5090,"href":"https:\/\/siecsase.com\/index.php\/wp-json\/wp\/v2\/pages\/31\/revisions\/5090"}],"wp:attachment":[{"href":"https:\/\/siecsase.com\/index.php\/wp-json\/wp\/v2\/media?parent=31"}],"curies":[{"name":"wp","href":"https:\/\/api.w.org\/{rel}","templated":true}]}}